5. Is d(m) a prime number?
False
Let q(a) be the third derivative of 4*a**5/15 - a**4/12 - a**3/6 - 3*a**2 - 56*a. Let j be 1 - 0 - (0 + 3). Is q(j) composite?
False
Suppose 2*p - 13 = r - 3*p, 0 = 4*r - 2*p - 2. Suppose 2*y = -r*y - 8. Is y - (-4 - -437)*-1 composite?
False
Let f(r) = 26*r**2 - 41 + 33 + 34*r + r**3 + 0*r**3. Is f(-23) composite?
False
Is (-8)/((-80)/6365)*2 prime?
False
Let v = -22 - -18. Let i be ((-548)/(-16))/((-1)/v). Let j = i + -54. Is j composite?
False
Let k(m) = 7*m**3 + 16*m**2 - 35*m + 35. Is k(11) a prime number?
True
Suppose -k = -5*o + 8569, -5*k = o - 6*o + 8565. Suppose 5*c + 3*j - o = 0, c + j = -4*j + 356. Is c a composite number?
True
Let p(x) = 15660*x**2 - 10*x + 11. Is p(1) prime?
True
Let w be (-3)/(-3) - -3 - 2. Suppose -d - 4*b = -15 + 1, -w*b = 3*d - 12. Suppose -f = 2*t - 203, f + 3*t = d*f - 223. Is f composite?
False
Let s = -35 - -58. Let j = s + -21. Suppose -4*g + 830 = j*c, 520 - 1776 = -3*c + 5*g. Is c composite?
True
Let p be -27*94/((-6)/3). Suppose p = 4*o - 1703. Is o a composite number?
False
Suppose -3*k + 5*d + 234 + 220 = 0, 332 = 2*k + 4*d. Is k/(10/(-5))*(-2)/2 a composite number?
False
Suppose -5*t + 21 = 5*p - 19, -4*p - t + 20 = 0. Suppose 4*q - o - 16 = o, -16 = -p*o. Suppose -2*l + q*l - 2008 = 0. Is l a prime number?
False
Suppose c = 6*c - 11670. Suppose p = -5*p + c. Is p prime?
True
Suppose -31*v = -55*v + 87432. Is v prime?
True
Let f be 130904/(-48) + 1/6. Let a = f + 4210. Is a prime?
True
Suppose 2040950 = 65*l - 3061355. Is l composite?
False
Suppose -4*k = 4*h - 12917 - 39023, -h + 5*k = -13009. Is h composite?
True
Let i = -16 + 30. Let a(c) = -38 + 46 - 5*c - i*c. Is a(-9) prime?
True
Let s(m) be the second derivative of 9*m**5/20 - m**4/12 + m**3/3 - 3*m**2/2 + m. Is s(3) prime?
False
Let x(b) = -b**3 - 13*b**2 - 80*b + 3. Is x(-22) composite?
True
Let q(h) = -1235*h**3 - 2*h**2 - 5*h - 11. Is q(-2) a prime number?
True
Let z = 2098 - -2523. Is z prime?
True
Suppose -8756*l = -8765*l + 44199. Is l prime?
False
Let j(w) = 17*w - 16*w + 13*w + 13*w + 14. Is j(5) composite?
False
Suppose -4*a = -20, y - 2*a = 2*a + 62. Suppose 27 = 5*k - 6*k + w, 0 = 3*k - 5*w + 81. Let f = y - k. Is f a prime number?
True
Let n(o) = 13*o**2 + 3*o. Let p be n(-4). Suppose -5*w = p - 2721. Is w composite?
True
Let x = 7 - 5. Suppose 13 + 111 = x*a. Is a composite?
True
Suppose 11*s + 2*u - 11591 = 6*s, -2*s = 5*u - 4649. Is s a composite number?
True
Suppose -i = -4*b - 82121, -i + 328514 = 3*i - b. Is i a prime number?
True
Suppose 0*g = -5*g - 20. Let p be (-18)/g + 6/(-12). Suppose -3*c + h = 4*h - 27, -p*h + 8 = 2*c. Is c composite?
True
Let s(i) = -641*i + 1213. Is s(-74) prime?
True
Suppose 3*w - 2*w = 0. Suppose 0 = -4*b + c + 6, -3*b - b + 3*c + 2 = 0. Is b + -3 + w + 26 prime?
False
Suppose 5*m - 4*v - 70555 = 0, 2*m - 4*v - 26826 - 1408 = 0. Is m prime?
True
Let y(l) = -2*l + 32. Let s be y(15). Is s*(-1 - 165/(-6)) composite?
False
Suppose -30*u + 13322 = -6868. Is u a composite number?
False
Is (210 + -68921)*(0 - 1) a composite number?
False
Let y(f) = 20*f - 7. Let h(t) be the first derivative of 21*t**2/2 - 7*t + 4. Let b(u) = 6*h(u) - 5*y(u). Is b(6) a composite number?
False
Suppose -34345 - 5174 = -9*o. Is o a composite number?
False
Let m(y) = y + 5. Let k be m(2). Let b be 0 - (1 + k) - -4. Is (-1184)/b - (-3 - -6) composite?
False
Let v = -252 + 179. Let q = v + 168. Is q a prime number?
False
Suppose -33*p + 1895 = -28*p. Is p composite?
False
Suppose -160*i = -164*i + 215060. Is i composite?
True
Let f(r) = 60*r**3 - 5*r**2 - 15*r + 19. Is f(7) a prime number?
True
Let p be (-34)/(-3) + (-4)/12. Let s(y) = -y**3 + 12*y**2 + 15*y + 7. Is s(p) a composite number?
False
Suppose 0 = -3*v - 4*k + 3123, -1065 - 3099 = -4*v - 2*k. Is v a composite number?
True
Suppose 1181*c + 174030 = 1187*c. Is c composite?
True
Let p(g) = 1624*g**2 - 2*g + 3. Is p(-2) composite?
True
Is (-1 + -115487)/(-3) - (-1 + -4) a prime number?
True
Let o(j) = j**3 - 7*j**2 + 13*j - 2. Let y(m) = m**3 - 7*m**2 + 12*m - 3. Let p(v) = 2*o(v) - 3*y(v). Let t be p(5). Suppose t*k = 349 + 1086. Is k prime?
False
Let l = 31630 - -23949. Is l a composite number?
False
Let h(m) = 26*m**2 - 7. Is h(-8) prime?
True
Let d(z) be the first derivative of -4*z**2 - 26*z + 12. Is d(-15) a prime number?
False
Let j be (-3 - 2) + 0 + 6. Is 4/((-20)/(-6685))*j a composite number?
True
Let f = 7 - 8. Let s(x) = -643*x**3 - x - 1. Let g be s(f). Let i = g + -458. Is i a composite number?
True
Suppose -21*f + 2337 = -1086. Is f a composite number?
False
Let o be 310/8 - (-5)/20. Let l(n) = -3 - 9 + o*n + 2 + 0. Is l(11) prime?
True
Suppose -1564 = -2*j + 4*j. Let n be j/(-187) - (-2)/(-11). Suppose -n*u = -2*b - 4222, -2*u + 2109 = b - 0*b. Is u a composite number?
True
Let l = 7 - 3. Is 226 + (0 - l) - -1 prime?
True
Let s be 13 + 68 + (3 - -1). Suppose c = s + 21. Is c composite?
True
Let d = -718 + 765. Is d a prime number?
True
Let y(m) = 2027*m**2 - 19*m + 93. Is y(4) prime?
False
Suppose -12 = -3*t - 3. Suppose t*q = -b + 149, -5*b = -b + 4. Suppose -136 = -2*y + q. Is y composite?
True
Suppose 5*u - 4219 - 2591 = 0. Suppose -f + 3*v + 697 = 0, -3*v = 2*f - v - u. Is f a prime number?
False
Let y(h) = h**3 + 3*h**2 - 5*h - 1. Let m(n) = 5*n**2 + 2*n + 3. Let w be m(-1). Is y(w) prime?
True
Suppose -34*j + 756803 + 269487 = 0. Is j composite?
True
Suppose 60*p - 58*p = 100994. Is p prime?
True
Suppose -24*c + 16*c = 198264. Is (0 - (-1)/(-3))/(11/c) a composite number?
False
Suppose -t + 4*a = -25483, -t = -a + 2*a - 25508. Is t prime?
False
Suppose -4*j + 3*r = -2933, 5*j - 10*r - 3670 = -7*r. Is j a prime number?
False
Let n be 2/(-1) - (-13)/13. Is (-5 - -3) + n + 3674 a prime number?
True
Let a = 1808 + -115. Is a composite?
False
Suppose -s - 3*s = -k + 3, k + 1 = 0. Is 1/((2/s)/(-466)) prime?
True
Let h(u) = 3*u**2 - 6 + 4*u + 0 + 14*u**2. Let w be h(-5). Suppose 2*g = -g + w. Is g a prime number?
False
Let z = -2189 - -4040. Is z composite?
True
Suppose 2*r + 3*w = 454, 458 = 2*r + 4*w - 2*w. Is r composite?
False
Suppose 3*h + h = 1768. Suppose -4*u + h = -6186. Is u prime?
True
Let o(r) = -781*r**3 + 5*r**2 - 4*r + 5. Let z(i) = 781*i**3 - 4*i**2 + 3*i - 4. Let b(q) = 5*o(q) + 6*z(q). Is b(1) a composite number?
True
Suppose 3*h + 17 - 11 = 0. Is (-1)/(((-2)/(-329) + 0)/h) a composite number?
True
Suppose 2*b - 13972 - 13927 = -3*w, 3*b - 2*w - 41855 = 0. Is b composite?
True
Suppose 38*a - 15121 - 42373 = 0. Is a prime?
False
Suppose 3*r + s + 88 = -0*s, 3*r + 4*s + 91 = 0. Suppose t + 642 = 4*t. Let g = r + t. Is g a composite number?
True
Suppose 2*m = -2*m + 28. Let o(j) = 64*j**2 + 2*j - 1. Is o(m) prime?
False
Let d be 2 + -7 + 4 - -155. Let y(u) = -2*u**2 + 6*u - 3. Let m be y(5). Let t = m + d. Is t a composite number?
False
Let k(l) = 548*l + 95. Is k(6) a prime number?
False
Let l(s) = -s - 15. Let r be l(9). Let w = r + 475. Is w a prime number?
False
Let j(u) = 2*u + 23512. Let i be j(0). Suppose -4*c - 4*c + i = 0. Is c prime?
True
Let y = 107 - 101. Suppose 23248 = y*z - 11426. Is z composite?
False
Suppose 10*l = 8*l - 2. Is 7 + (-6)/1 - (-293 - l) prime?
True
Suppose -5*j = -5*z + 5, 0 = j - 0*z - 2*z + 2. Let t = 18 + -13. Suppose 0 = -3*c + t*u + 951, 2*c - 3*c + 3*u + 317 = j. Is c prime?
True
Suppose 2*q - 611 = -4*i + 1919, 4*q = 3*i - 1925. Is i a composite number?
True
Is 848079/37 - (-2)/(-37) prime?
True
Suppose -w = f - 35, -7*f + 125 = -2*f - 5*w. Is (-5192)/(-6) + (-10)/f prime?
False
Let y(h) = -8 - 3*h + 0*h**2 - 2*h + 2*h**2 + 0*h. Is y(6) a composite number?
True
Is 14663 - -5 - (-14 - -5) prime?
False
Let a(j) = 65*j**2 + 36*j + 24. Is a(-5) prime?
False
Let q(g) = g**3 + 22*g**2 + g - 85. Is q(-17) composite?
True
Let s(b) = b**3 - 4*b**2 + 5*b. Let f be s(2). Suppose -q - 3*v = 62 - 258, -3*q + f*v + 643 = 0. Is q a prime number?
True
Let i(s) be the second derivative of s**4/12 - 5*s**3/2 - 9*s**2/2 - 6*s. Is i(19) prime?
True
Let r = 63 + -59. Is r/22 - (-39881)/209 prime?
True
Let y(s) = -724*s - 3. Let g be y(-2). Let d = -5 + 19. Suppose d*k - 9*k = g. Is k prime?
False
Suppose s + 5*o + 14 = o, -4*s + 3*o + 39 = 0. Suppose 4*z = -s + 6338. Is z prime?
True